ase 12, what is -4 + -41a56?
-41a5a
In base 4, what is 1 - 2122002?
-2122001
In base 16, what is 2 - 16dd0?
-16dce
In base 13, what is -1 - -83cb4?
83cb3
In base 8, what is 1707 + -205?
1502
In base 14, what is 8ca0 - 189?
8b15
In base 12, what is -19 - 888?
-8a5
In base 4, what is -20013 + -102132?
-122211
In base 15, what is 1d006 - 2?
1d004
In base 10, what is -1 + 4091?
4090
In base 10, what is -13201 + 88?
-13113
In base 15, what is 1d4351 - 2?
1d434e
In base 13, what is 5 + -3980c?
-39807
In base 15, what is 1752 - 1?
1751
In base 4, what is -1003131 - -11300?
-331231
In base 6, what is -154 - 3555?
-4153
In base 5, what is 3 + -11344240?
-11344232
In base 4, what is -10203 - -2121?
-2022
In base 16, what is -67204 + -2?
-67206
In base 2, what is -1010011100 - -100111?
-1001110101
In base 2, what is -1101010101 + -111001011101?
-1000110110010
In base 4, what is -13103110 + 11?
-13103033
In base 14, what is -10615 - 15?
-1062a
In base 8, what is 1570705 - -1?
1570706
In base 6, what is 311435 + -2?
311433
In base 6, what is -255410 - -1?
-255405
In base 3, what is -100101100 + 10010?
-100021020
In base 16, what is -5e6ba + -3?
-5e6bd
In base 5, what is 121 + -311240?
-311114
In base 15, what is 5d835 + -5?
5d830
In base 15, what is -92 - 205?
-297
In base 8, what is 4745 - -31?
4776
In base 14, what is 3851 + -5?
384a
In base 3, what is 1202001010 - 10?
1202001000
In base 3, what is -21002022 - -2101?
-20222221
In base 16, what is -3 - -6724?
6721
In base 4, what is 30 - 11121?
-11031
In base 12, what is 4 + 28277?
2827b
In base 9, what is 14 + -4055?
-4041
In base 8, what is 1 - -1700347?
1700350
In base 4, what is 2 - 203230230?
-203230222
In base 16, what is 2 + -1a5a?
-1a58
In base 9, what is -8626 - 62?
-8688
In base 10, what is 10 + 833?
843
In base 2, what is -1100101001111000000 + 11?
-1100101001110111101
In base 11, what is -1762 + 49?
-1714
In base 9, what is 101 - 802?
-701
In base 14, what is 7a5 + -c?
797
In base 15, what is -c195 - 0?
-c195
In base 7, what is 1 - -202264?
202265
In base 13, what is 3 - -109493?
109496
In base 10, what is -62 + 18214?
18152
In base 11, what is 85 + -23?
62
In base 9, what is -4 - 13262?
-13266
In base 4, what is 22223210111 - -10?
22223210121
In base 9, what is -423 + 1?
-422
In base 15, what is -10b15d + -3?
-10b161
In base 6, what is -111 - 1020?
-1131
In base 3, what is 220 - 1022220001?
-1022212011
In base 2, what is 100000111101011 - 100?
100000111100111
In base 11, what is -65 + -7018?
-7082
In base 7, what is 5 - 302060?
-302052
In base 10, what is -6 + -57778?
-57784
In base 7, what is 1 - 32001?
-32000
In base 8, what is 44515 - 142?
44353
In base 3, what is -2 - -1020212012210?
1020212012201
In base 16, what is c27 - -e?
c35
In base 8, what is -10 - 644542?
-644552
In base 6, what is -5 - 211500?
-211505
In base 15, what is 65 - 1e3?
-17d
In base 13, what is -1 - 48cb?
-48cc
In base 12, what is -66 + -434?
-49a
In base 5, what is -114 + 10432?
10313
In base 11, what is -49291 + 21?
-49270
In base 16, what is 158137 + 3?
15813a
In base 4, what is -12121 - -10020?
-2101
In base 11, what is -78 + -4a?
-117
In base 4, what is 10223 - 12120?
-1231
In base 7, what is 4 + 4603534?
4603541
In base 10, what is -80982 + 2?
-80980
In base 2, what is -1001010 + 10111001001001?
10110111111111
In base 14, what is -156720 + -1?
-156721
In base 6, what is -1011250 - 22?
-1011312
In base 16, what is c984 + c?
c990
In base 8, what is 4 + 624061?
624065
In base 2, what is 1010110000000 - 1010?
1010101110110
In base 6, what is 3 - -20414?
20421
In base 6, what is 204 - 34511?
-34303
In base 8, what is -55 - 6124?
-6201
In base 7, what is 144 + 15112?
15256
In base 7, what is -10451 + 33?
-10415
In base 14, what is -5682 - -85?
-55db
In base 8, what is 25 + 77736?
77763
In base 15, what is -a3b7 - -19?
-a39d
In base 6, what is 144542 + 412?
145354
In base 7, what is 220406 - -3?
220412
In base 13, what is -4444 - 1?
-4445
In base 12, what is 2 - 84b8?
-84b6
In base 6, what is -34425132 - 1?
-34425133
In base 6, what is -5102 + 344?
-4314
In base 8, what is -213330 - 16?
-213346
In base 12, what is 1647 - -6?
1651
In base 7, what is -350366 - -3?
-350363
In base 10, what is 11 - -341?
352
In base 13, what is -11 + -4bc5c?
-4bc70
In base 5, what is -10 + 31230?
31220
In base 10, what is 0 + 1159049?
1159049
In base 10, what is 173 - -5007?
5180
In base 13, what is 347184 + 4?
347188
In base 13, what is 41 - a5?
-64
In base 5, what is 1140123 + 3?
1140131
In base 9, what is -131345 - -7?
-131337
In base 11, what is -254 + 26?
-229
In base 16, what is -6089 - 10?
-6099
In base 8, what is -100114 - -20?
-100074
In base 9, what is -40532 + 1?
-40531
In base 3, what is -10 + -100112002?
-100112012
In base 6, what is 3522 - 1123?
2355
In base 2, what is 100000110 + -111000?
11001110
In base 5, what is -2033432022 - -4?
-2033432013
In base 10, what is -5171 - -24?
-5147
In base 4, what is -3 - -101002?
100333
In base 12, what is 1b3245 + 0?
1b3245
In base 13, what is -15195 - -13?
-15182
In base 5, what is 4 + -232231?
-232222
In base 9, what is 271371 + -4?
271366
In base 2, what is -100001010001011110 + 101?
-100001010001011001
In base 12, what is -36 - 2824?
-285a
In base 12, what is -a86 - 33?
-ab9
In base 9, what is -407030 + 5?
-407024
In base 3, what is -1000202002200 - -11?
-1000202002112
In base 12, what is 8 + -26860?
-26854
In base 15, what is c - -549?
556
In base 16, what is -1a8c9 - -3?
-1a8c6
In base 4, what is -1 + 122232203?
122232202
In base 4, what is 230303 + 123?
231032
In base 6, what is 40 - 1034313?
-1034233
In base 8, what is -155 - -4021?
3644
In base 14, what is 1422d8 + -3?
1422d5
In base 16, what is -1293 - -32?
-1261
In base 13, what is -138 - 9a?
-205
In base 11, what is 1561aa + 2?
156201
In base 9, what is -454308 - -1?
-454307
In base 2, what is -11111000001 - 11001?
-11111011010
In base 3, what is -2020212202 + -122?
-2020220101
In base 9, what is 10 + -136170?
-136160
In base 3, what is -1002010 - 110?
-1002120
In base 14, what is -5 + -7b46?
-7b4b
In base 2, what is -10101101011101011110 - 0?
-10101101011101011110
In base 16, what is 125 + -e?
117
In base 14, what is -93 + 29a?
207
In base 6, what is -131534 + 143?
-131351
In base 15, what is -43 + -5088?
-50cb
In base 10, what is -49577 + 22?
-49555
In base 8, what is 313 - -6626?
7141
In base 6, what is 1213 + -413?
400
In base 9, what is 40 + -170?
-130
In base 8, what is -1664 - -616?
-1046
In base 8, what is -36 + -1035?
-1073
In base 7, what is -13 + -102332?
-102345
In base 6, what is 102054223 - 2?
102054221
In base 8, what is 445622 + 14?
445636
In base 12, what is 861 + -2?
85b
In base 13, what is -3a82c - 3?
-3a832
In base 14, what is 103 + -13?
d0
In base 12, what is -39 + 136?
b9
In base 10, what is 1193 + 7?
1200
In base 10, what is -113381 - -3?
-113378
In base 15, what is -dd461 + -2?
-dd463
In base 2, what is 100 - -11100001101?
11100010001
In base 8, what is 1563 - 312?
1251
In base 11, what is -5 - -52298?
52293
In base 14, what is -1 - 837ac?
-837ad
In base 4, what is -2 - -30011101?
30011033
In base 12, what is 2 + 34076?
34078
In base 7, what is -232 + 33522?
33260
In base 12, what is 1968 + 2a?
1996
In base 15, what is 5a7d2 + -2?
5a7d0
In base 8, what is -55 - -4662?
4605
In base 7, what is 141 - -11420?
11561
In base 4, what is 123023 + 2333?
132022
In base 5, what is 0 - 2221234?
-2221234
In base 10, what is -733 + 693?
-40
In base 3, what is -2 - -22022101?
22022022
In base 11, what is -3 - -22086?
22083
In base 2, what is 101000000 - -10100111100111?
10101100100111
In base 6, what is 20 + -3400050?
-3400030
In base 12, what is -7 + -26022?
-26029
In base 14, what is 1b10c - -2?
1b110
In base 6, what is 143 - -123255?
123442
In base 8, what is 31 - -2611?
2642
In base 3, what is -2212101001 - 2000?
-2212110001
In base 3, what is 12111 - 222?
11112
In base 12, what is 557318 - 5?
557313
In base 14, what is 0 - 31bba?
-31bba
In base 16, what is -2 + 873f?
873d
In base 16, what is -9f8 - b0?
-aa8
In base 9, what is 165 - 122?
43
In base 3, what is -120100 + -111?
-120211
In base 9, what is 10415553 - -1?
10415554
In base 4, what is 303 - -31333?
32302
In base 6, what is -101115 - -354?
-100321
In 